7744?
True
Does 30 divide 8401?
False
Does 13 divide 12140?
False
Is 177 a factor of 77880?
True
Is 5880 a multiple of 35?
True
Does 30 divide 9030?
True
Is 158 a factor of 65096?
True
Is 32 a factor of 566?
False
Is 8 a factor of 1672?
True
Is 19435 a multiple of 16?
False
Does 9 divide 1675?
False
Does 28 divide 69435?
False
Does 13 divide 7433?
False
Is 66 a factor of 5371?
False
Is 7094 a multiple of 32?
False
Is 9 a factor of 54?
True
Does 39 divide 29031?
False
Is 4 a factor of 17644?
True
Is 31994 a multiple of 8?
False
Does 11 divide 11916?
False
Does 63 divide 47187?
True
Is 2748 a multiple of 2?
True
Does 10 divide 32290?
True
Is 67 a factor of 2430?
False
Does 11 divide 539?
True
Is 250 a multiple of 50?
True
Is 53916 a multiple of 6?
True
Is 12680 a multiple of 8?
True
Is 930 a multiple of 15?
True
Does 2 divide 9?
False
Does 29 divide 58?
True
Is 52367 a multiple of 14?
False
Is 5956 even?
True
Is 245 a multiple of 5?
True
Is 112 a multiple of 8?
True
Does 66 divide 1221?
False
Is 276 a multiple of 6?
True
Is 749 a multiple of 13?
False
Is 28 a factor of 2064?
False
Does 21 divide 735?
True
Is 8700 a multiple of 100?
True
Is 4 a factor of 2328?
True
Is 27 a factor of 212382?
True
Does 10 divide 452?
False
Does 8 divide 496?
True
Does 21 divide 3927?
True
Is 667 a multiple of 29?
True
Is 77820 a multiple of 30?
True
Is 9800 a multiple of 3?
False
Does 144 divide 10800?
True
Is 7092 a multiple of 5?
False
Is 81 a factor of 8748?
True
Is 75244 a multiple of 52?
True
Is 4107 a multiple of 13?
False
Is 3094 a multiple of 12?
False
Is 27760 a multiple of 38?
False
Is 78439 a multiple of 44?
False
Is 29646 a multiple of 27?
True
Is 32007 a multiple of 47?
True
Does 7 divide 11681?
False
Does 20 divide 16779?
False
Does 185 divide 44585?
True
Does 60 divide 19886?
False
Is 22 a factor of 176?
True
Does 12 divide 672?
True
Is 704 a multiple of 8?
True
Is 29 a factor of 638?
True
Is 21 a factor of 2780?
False
Does 69 divide 35187?
False
Is 2109 a multiple of 10?
False
Does 45 divide 810?
True
Is 23 a factor of 3347?
False
Is 9 a factor of 144?
True
Is 17 a factor of 9021?
False
Is 3 a factor of 12645?
True
Does 37 divide 74?
True
Is 1800 a multiple of 5?
True
Is 355 a factor of 116085?
True
Is 13 a factor of 101?
False
Is 154 a multiple of 22?
True
Does 8 divide 2712?
True
Is 9 a factor of 4305?
False
Is 667 a multiple of 29?
True
Is 3216 a multiple of 44?
False
Is 299 a multiple of 13?
True
Is 27 a factor of 1049?
False
Is 756 a multiple of 35?
False
Is 20 a factor of 1320?
True
Is 22740 a multiple of 19?
False
Is 38 a factor of 3762?
True
Is 337 even?
False
Does 8 divide 27208?
True
Does 13 divide 221?
True
Is 5 a factor of 10355?
True
Does 4 divide 51?
False
Is 15 a factor of 11265?
True
Does 17 divide 653?
False
Does 162 divide 5395?
False
Is 16320 a multiple of 136?
True
Is 102 a factor of 14484?
True
Is 30 a factor of 46801?
False
Is 307 a multiple of 13?
False
Is 882 a multiple of 14?
True
Does 195 divide 11147?
False
Is 76 a factor of 18989?
False
Is 56444 a multiple of 206?
True
Is 33 a factor of 2277?
True
Does 29 divide 205378?
True
Does 11 divide 2112?
True
Is 12131 a multiple of 7?
True
Is 511 a multiple of 73?
True
Is 6 a factor of 2328?
True
Does 7 divide 625?
False
Is 767 a multiple of 20?
False
Does 231 divide 231?
True
Does 119 divide 5593?
True
Does 13 divide 963?
False
Is 68065 a multiple of 131?
False
Is 2120 a multiple of 20?
True
Does 24 divide 4080?
True
Does 44 divide 352?
True
Is 154 a multiple of 7?
True
Is 3112 even?
True
Does 194 divide 52574?
True
Is 1056 a multiple of 6?
True
Is 41434 a multiple of 10?
False
Is 4553 a multiple of 3?
False
Is 2024 even?
True
Is 1228 a multiple of 44?
False
Is 18 a factor of 392?
False
Does 3 divide 2628?
True
Is 12246 a multiple of 78?
True
Is 5 a factor of 135?
True
Is 5 a factor of 1954?
False
Is 4290 a multiple of 78?
True
Does 11 divide 5510?
False
Does 21 divide 8693?
False
Does 13 divide 2782?
True
Is 68 a factor of 1632?
True
Is 34 a factor of 2176?
True
Is 7189 a multiple of 173?
False
Is 37 a factor of 1014?
False
Is 4 a factor of 231?
False
Is 17 a factor of 782?
True
Is 58 a factor of 31088?
True
Does 25 divide 12050?
True
Is 7968 a multiple of 24?
True
Is 3 a factor of 28?
False
Is 3477 a multiple of 57?
True
Is 42 a factor of 1134?
True
Is 5841 a multiple of 99?
True
Is 377 a multiple of 7?
False
Does 50 divide 2100?
True
Is 9219 a multiple of 174?
False
Is 828 a multiple of 23?
True
Is 10 a factor of 1154?
False
Is 162 a factor of 19602?
True
Does 12 divide 5544?
True
Does 13 divide 819?
True
Is 2 a factor of 460?
True
Is 49 a factor of 1911?
True
Does 12 divide 164?
False
Is 123135 a multiple of 15?
True
Is 27 a factor of 452?
False
Does 13 divide 761?
False
Is 18 a factor of 270?
True
Does 2 divide 132?
True
Is 1319 a multiple of 63?
False
Is 40 a multiple of 20?
True
Is 13 a factor of 9646?
True
Is 17 a factor of 17748?
True
Is 28 a factor of 7140?
True
Does 68 divide 2176?
True
Does 9 divide 1719?
True
Does 22 divide 3278?
True
Does 19 divide 31977?
True
Is 10328 a multiple of 74?
False
Is 288 a multiple of 9?
True
Is 103 a factor of 3298?
False
Is 29 a factor of 50678?
False
Does 30 divide 9480?
True
Is 41 a factor of 779?
True
Is 46 a factor of 7473?
False
Is 137 a factor of 27750?
False
Does 15 divide 753?
False
Is 60306 a multiple of 114?
True
Is 26 a factor of 234?
True
Is 55946 a multiple of 11?
True
Is 138 a factor of 552?
True
Is 10 a factor of 14370?
True
Does 34 divide 2278?
True
Is 19386 a multiple of 23?
False
Is 202 a factor of 20313?
False
Is 55772 a multiple of 382?
True
Is 3100 a multiple of 20?
True
Is 5896 a multiple of 11?
True
Is 159 a factor of 954?
True
Is 1036 a multiple of 29?
False
Is 28 a factor of 2156?
True
Is 6848 a multiple of 35?
False
Is 217 a multiple of 15?
False
Does 41 divide 1918?
False
Is 281 a multiple of 6?
False
Is 2189 a multiple of 4?
False
Is 42 a factor of 1539?
False
Does 90 divide 5754?
False
Is 5 a factor of 335?
True
Is 4064 a multiple of 16?
True
Does 6 divide 1027?
False
Is 132 a multiple of 22?
True
Is 2321 a multiple of 11?
True
Is 84 a factor of 14794?
False
Does 18 divide 324?
True
Is 64 a factor of 15232?
True
Does 40 divide 663?
False
Is 28560 a multiple of 17?
True
Is 2 a factor of 1961?
False
Is 18405 a multiple of 45?
True
Is 60660 a multiple of 12?
True
Is 15016 a multiple of 58?
False
Does 17 divide 595?
True
Is 11178 a multiple of 9?
True
Is 10 a factor of 4192?
False
Is 2172 a multiple of 99?
False
Is 43 a factor of 12556?
True
Does 77 divide 379?
False
Is 7 a factor of 105?
True
Does 63 divide 6426?
True
Does 6 divide 186?
True
Is 651 a multiple of 31?
True
Does 46 divide 2530?
True
Is 21 a factor of 3830?
False
Is 107 a factor of 4007?
False
Is 9 a factor of 53?
False
Is 3300 a multiple of 50?
True
Is 3646 a multiple of 23?
False
Is 19 a factor of 22249?
True
Is 78696 a multiple of 18?
True
Is 62352 a multiple of 9?
True
Does 39 divide 1326?
True
Is 10095 a multiple of 17?
False
Does 2 divide 4792?
True
Is 3901 a multiple of 47?
True
Is 45320 a multiple of 206?
True
Is 474 a multiple of 14?
False
Is 188 a multiple of 17?
False
Does 6 divide 3169?
False
Does 15 divide 23?
False
Is 33 a factor of 3267?
True
Is 29324 a multiple of 24?
False
Does 9 divide 216?
True
Does 156 divide 16224?
True
Is 24 a factor of 5103?
False
Is 38944 a multiple of 8?
True
Is 3694 a multiple of 2?
True
Is 4710 a multiple of 10?
True
Is 42 a factor of 2352?
True
Does 13 divide 1508?
True
Does 10 divide 30947?
False
Does 29 divide 2588?
False
Does 124 divide 4422?
False
Is 11 a factor of 99?
True
Is 2 a factor of 1530?
True
Is 12920 a multiple of 190?
True
Does 56 divide 1736?
True
Is 583 a multiple of 7?
False
Is 21022 a multiple of 36?
False
Is 30 a factor of 900?
True
Does 14 divide 29582?
True
Is 75 a factor of 1105?
False
Is 4330 a multiple of 86?
False
Is 188 a multiple of 8?
False
Does 45 divide 832?
False
Does 6 divide 72?
True
Is 50 a factor of 1253?
False
Is 22 a factor of 3718?
True
Does 4 divide 2144?
True
Is 58 a factor of 464?
True
Does 13 divide 48?
False
Does 2 divide 359?
False
Is 396 a multiple of 6?
True
Is 936 a multiple of 52?
True
Does 51 divide 204?
True
Is 1883 a multiple of 24?
False
Is 154 a